. Give o(2).
79
Let v(x) = -4*x**3 - 27*x**2 + 27*x + 130. Calculate v(-7).
-10
Let m(a) = -13*a + 670. Give m(48).
46
Let p(z) = -33*z**2 - 200*z + 4. Calculate p(-6).
16
Let k(i) = -6*i**2 + 1075*i + 1076. What is k(-1)?
-5
Let r(c) = -c**3 - 103*c**2 - 1784*c - 168. Calculate r(-81).
-6
Let j(n) = -9*n**2 + 816*n - 559. Give j(90).
-19
Let m(x) = -x**3 + 14*x**2 - 38*x - 19. Determine m(10).
1
Let o(b) = -b**2 + 299*b - 3236. Give o(11).
-68
Let c(m) = 8*m**2 - 33*m - 281. Calculate c(0).
-281
Let u(s) = 75*s - 912. Give u(12).
-12
Let o(j) = -12*j**2 + 113*j - 3. What is o(6)?
243
Let i(a) = a**3 - 3*a**2 + 1494*a - 13934. What is i(9)?
-2
Let d(z) = 4*z**2 - 221*z - 172. Determine d(56).
-4
Let l(t) = -104*t**2 + 2392*t + 1. Determine l(23).
1
Let l(i) = -45*i**3 - 137*i**2 - 16*i - 26. Give l(-3).
4
Let m(x) = 4*x**2 - 92*x + 250. What is m(19)?
-54
Let j(q) = 586*q + 1143. Give j(-2).
-29
Let z(x) = 8*x**2 - 3*x - 22. What is z(0)?
-22
Let j(d) = 3271*d - 13027. What is j(4)?
57
Let a(s) = s**3 - 101*s**2 - 182*s - 2490. Give a(103).
-18
Let q(z) = -z**2 + 75*z - 556. Calculate q(8).
-20
Let z(u) = -522*u + 2606. Give z(5).
-4
Let b(u) = -142*u**2 - 23*u - 22. Calculate b(-1).
-141
Let l(v) = 1950*v - 11707. Calculate l(6).
-7
Let c(q) = -2*q**2 + 55*q + 483. Determine c(-7).
0
Let b(p) = 5*p**2 - 207*p + 348. What is b(45)?
1158
Let i(k) = 101*k + 184. Calculate i(-2).
-18
Let u(g) = g**2 + 48*g - 6097. Give u(57).
-112
Let p(x) = -x**3 + x**2 + x - 33. Determine p(-3).
0
Let m(p) = -109*p + 6. Give m(-1).
115
Let w(f) = 17*f**2 - 79*f + 51. Determine w(1).
-11
Let r(h) = 8*h + 10. Determine r(-5).
-30
Let o(l) = 6*l**2 + 5*l - 6. Calculate o(3).
63
Let m(w) = -19*w - 1456. What is m(-76)?
-12
Let h(g) = -g**3 - 38*g**2 + 122. Give h(-38).
122
Let s(o) = 133*o**3 - 52*o**2 + o - 1. What is s(1)?
81
Let h(o) = o**3 - 56*o**2 + 155*o + 215. Calculate h(53).
3
Let b(z) = z**3 + 4*z**2 - 18*z - 28. Give b(-6).
8
Let u(g) = -85*g + 932. Calculate u(11).
-3
Let k(n) = -n**3 + 3*n**2 - 910*n + 2716. What is k(3)?
-14
Let n(z) = 2*z**3 + 84*z**2 + 162*z + 82. What is n(-40)?
2
Let k(m) = 4*m**2 - 62*m + 20. Give k(16).
52
Let w(d) = 2*d**3 - 44*d**2 + 2*d - 32. Determine w(22).
12
Let h(o) = o**3 - 14*o**2 - 93*o + 1185. What is h(15)?
15
Let v(f) = -15*f - 120. Calculate v(-10).
30
Let y(m) = -3*m**2 - 27*m + 34. Determine y(-10).
4
Let p(m) = 35*m**2 + 512*m - 194. Determine p(-15).
1
Let w(k) = -k**2 + 87*k - 388. Give w(83).
-56
Let f(r) = 95*r + 452. Determine f(-5).
-23
Let g(v) = v**3 + 5*v**2 - 18*v - 10. Determine g(-8).
-58
Let z(g) = -g**3 + 16*g**2 + 110*g + 8. What is z(-5)?
-17
Let w(j) = j**3 + 36*j**2 + 222*j - 38. Calculate w(-28).
18
Let d(f) = -164*f + 650. Give d(4).
-6
Let l(o) = -144*o + 3600. Determine l(25).
0
Let i(q) = 577*q - 3441. What is i(6)?
21
Let f(u) = -u**3 - 26*u**2 - 91*u - 6. Calculate f(-22).
60
Let z(i) = 24*i + 2530. What is z(-104)?
34
Let b(j) = 241*j - 732. Give b(3).
-9
Let o(c) = 8*c**2 - 4*c - 8. Determine o(-3).
76
Let h(f) = 260*f - 10926. Give h(42).
-6
Let h(b) = b**3 - 42*b**2 - 45*b + 71. What is h(43)?
-15
Let s(b) = -b**2 - 2118*b + 19139. Calculate s(9).
-4
Let c(j) = -j**2 + 99*j - 1783. Calculate c(23).
-35
Let g(v) = -2092*v - 23007. Give g(-11).
5
Let m(i) = -14*i - 212. Calculate m(-13).
-30
Let h(p) = -6*p**2 - 363*p + 134. Give h(-61).
-49
Let j(l) = 105*l + 663. Calculate j(-9).
-282
Let k(u) = -2*u**2 + 12*u - 30. Give k(7).
-44
Let w(o) = 30*o + 3161. Give w(-105).
11
Let i(w) = -42*w - 247. What is i(-6)?
5
Let n(m) = 2*m**3 + 34*m**2 + 31*m - 6. What is n(-16)?
10
Let m(r) = -33*r**2 - 16*r - 7. What is m(-3)?
-256
Let j(x) = 8*x**2 - 61*x - 187. Determine j(-3).
68
Let s(r) = -r**3 + 53*r**2 + 861*r - 183. Determine s(66).
15
Let g(n) = 20*n**3 + n**2 - n + 1. What is g(1)?
21
Let m(a) = -17*a + 87. Determine m(5).
2
Let o(k) = 25*k**2 - 1281*k + 309. Determine o(51).
3
Let i(n) = -n**3 - 273*n**2 + 686*n + 37388. Calculate i(-275).
-12
Let l(i) = i**3 - 42*i**2 - 38*i - 200. What is l(43)?
15
Let u(z) = 119*z + 369. Give u(-5).
-226
Let p(h) = 123*h**2 - 1225*h - 46. What is p(10)?
4
Let u(z) = z**2 + 12*z - 38. Give u(-11).
-49
Let a(f) = 91*f - 277. Determine a(3).
-4
Let k(v) = 607*v - 4264. Calculate k(7).
-15
Let y(c) = 17*c + 48. Calculate y(3).
99
Let w(r) = 2*r**3 + 67*r**2 - 9*r + 922. What is w(-34)?
72
Let q(m) = -19*m**2 - 22*m - 10. What is q(-4)?
-226
Let z(o) = -o**3 + 12*o**2 - 142*o + 2385. Give z(14).
5
Let u(h) = -4*h**2 - 36*h - 15. Give u(-9).
-15
Let z(t) = t**3 - 55*t**2 + 297*t - 14. Determine z(6).
4
Let q(a) = 3*a**3 + 30*a**2 + 40*a + 378. What is q(-10)?
-22
Let a(k) = -10*k + 276. Determine a(22).
56
Let j(c) = -3*c + 342. Determine j(49).
195
Let u(k) = -2*k**2 - 15*k + 82. What is u(4)?
-10
Let r(k) = -k**3 + 2*k**2 + 7*k + 4. Determine r(-2).
6
Let m(a) = -2*a**3 - 17*a**2 - 45*a + 53. Give m(-5).
103
Let h(t) = 158*t + 1604. Give h(-10).
24
Let l(r) = -5*r**2 - 32*r - 15. Determine l(-6).
-3
Let d(s) = -81*s**2 + 26*s - 4. Calculate d(1).
-59
Let m(l) = -2*l**3 - 38*l**2 + 644. What is m(-18)?
-4
Let m(y) = -2*y**2 - 25*y - 42. Give m(-10).
8
Let p(h) = h**2 - 35*h - 273. What is p(40)?
-73
Let w(z) = -31*z**2 + 9*z + 7. What is w(-1)?
-33
Let o(l) = -2*l**2 - 9*l + 236. Give o(-13).
15
Let z(m) = -41*m - 108. What is z(-3)?
15
Let b(l) = -112*l**3 + l**2 + l - 1. Calculate b(1).
-111
Let m(g) = g**3 + 168*g**2 + 2293*g - 303. What is m(-153)?
3
Let l(i) = -5*i**2 + 114*i - 1. Give l(0).
-1
Let j(f) = f**3 - 80*f**2 + 17*f + 67. Calculate j(80).
1427
Let p(w) = -69*w + 1401. Give p(14).
435
Let n(j) = 278*j + 1098. Determine n(-4).
-14
Let g(j) = 158*j + 30023. Give g(-190).
3
Let b(i) = 4*i + 375. Give b(-109).
-61
Let v(r) = -7*r + 151. Calculate v(28).
-45
Let b(r) = 6*r**2 - 162*r + 414. What is b(3)?
-18
Let b(y) = 3*y - 80. Determine b(-18).
-134
Let n(d) = -251*d - 281. What is n(-1)?
-30
Let m(f) = f**2 - 52*f + 741. Determine m(32).
101
Let p(h) = -h**3 + 10*h**2 + 14*h + 150. Determine p(12).
30
Let n(w) = 4*w**2 - 1129*w - 3383. Determine n(-3).
40
Let y(z) = 8*z**3 - 438*z**2 - 107*z - 154. Calculate y(55).
11
Let f(z) = z**2 - 9*z - 226. Give f(20).
-6
Let h(m) = m**3 + 36*m**2 + 98*m - 33. Give h(-33).
0
Let s(a) = -59*a + 125. Give s(4).
-111
Let k(q) = -4502*q - 36032. Calculate k(-8).
-16
Let z(q) = q**3 + 23*q**2 - 24*q + 11. Give z(-24).
11
Let a(v) = 5*v**2 + 874*v - 7314. Calculate a(8).
-2
Let p(u) = 378*u**2 + 1148*u + 3. Give p(-3).
-39
Let y(f) = -f**3 + 2*f**2 + 90*f - 340. Calculate y(8).
-4
Let m(c) = 1799*c + 102541. Calculate m(-57).
-2
Let k(z) = z**2 - 36*z - 3014. What is k(-41)?
143
Let l(q) = q**3 + 37*q**2 + 103*q + 1138. Give l(-35).
-17
Let b(y) = -2*y**2 + 35*y - 169. Give b(6).
-31
Let z(y) = -5926*y + 88898. Calculate z(15).
8
Let c(v) = v**3 + 13*v**2 - 50*v + 28. Calculate c(-17).
-278
Let c(w) = -59*w + 875. Give c(14).
49
Let m(a) = -a**2 + 1521*a + 7645. Give m(-5).
15
Let g(y) = 34*y + 743. What is g(-13)?
301
Let m(a) = -6*a**2 + 143*a - 14. Determine m(24).
-38
Let r(w) = -6*w**3 + 38*w**2 - 2*w + 42. Determine r(6).
102
Let z(c) = -c**2 - 7*c + 1431. What is z(-43)?
-117
Let k(l) = -18*l**2 + 30*l + 13. Determine k(2).
1
Let p(u) = 2164*u + 4323. Calculate p(-2).
-5
Let n(l) = 3*l - 26. What is n(-1)?
-29
Let d(y) = 48*y + 133. Give d(4).
325
Let t(x) = 4*x**2 - 137*x + 423. What is t(3)?
48
Let k(f) = 750*f - 4481. What is k(6)?
19
Let h(y) = 4*y**2 + 27*y + 5. What is h(-4)?
-39
Let w(m) = m**3 - 4*m**2 - 148*m + 531. Determine w(-12).
3
Let o(l) = -286*l + 6009. What is o(21)?
3
Let x(o) = -2*o**2 - 12*o + 4392. What is x(-50)?
-8
Let j(i) = i**3 + 51*i**2 + 341*i - 6. Give j(-8).
18
Let d(z) = 37*z - 1556. Give d(27).
-557
Let d(z) = 10*z**2 + 808*z - 174. Determine d(-81).
-12
Let x(f) = -f**3 + 49*f**2 + 102*f - 26. Give x(51).
-26
Let c(v) = -2*v**2 + 132*v + 1335. Calculate c(75).
-15
Let t(n) = n**3 + n**2 - 42*n - 4. Give t(6).
-4
Let a(g) = -2*g**3 - 43*g**2 - 23*g + 13. Calculate a(-21).
55
Let g(q) = q**3 + 284*q**2 + 276*q - 1980. Determine g(-283).
1
Let k(b) = -3*b**2 - 41*b + 55. Give k(-15).
-5
Let w(x) = 8*x + 99. What is w(-14)?
-13
Let g(y) = -3*y**3 - 53*y**2 - 35*y 